ose 5*r = -3*s + 45, -4*r - 34 = -o*s + 4. What is the units digit of s?
0
Suppose -199 + 28 = -5*j + 4*c, -173 = -5*j + 2*c. What is the units digit of j?
5
Let n = 6 - 20. Let t = n - -8. Let a = t - -7. What is the units digit of a?
1
Let v = 102 - 73. Suppose -v - 440 = -7*b. What is the units digit of b?
7
Let f = -64 - -65. What is the tens digit of (f - -3 - 1) + 999/9?
1
Suppose -3*d = -12, -4*c + 2*d - 2318 = -10234. What is the tens digit of c?
8
Let p be -3 - (-93)/33 - (-340)/55. Suppose 8*v - p*v = 470. What is the hundreds digit of v?
2
Suppose -102 = -6*x + 552. What is the units digit of x?
9
Let l(q) be the second derivative of 47*q**4/6 - q**3/3 - 3*q**2/2 - 8*q. What is the units digit of l(-1)?
3
Let f = 6 + 9. Let q = -4 + 1. Let b = f - q. What is the units digit of b?
8
What is the units digit of (-121087)/(-437) + 2/(-23)?
7
Suppose 0 = q + 4*k - 46, 85 = 2*q - 0*q + k. What is the units digit of q?
2
Let b = -52 - -150. Let f = -35 + b. What is the tens digit of f?
6
Let n(z) = z**2 + 2*z - 7. Let k be n(-6). Suppose 0 = 4*r - 5*m + 10, 0 = 2*r + r + m + k. Let f = r - -7. What is the units digit of f?
2
Let w = 6939 + -1588. What is the tens digit of w?
5
Suppose -2*j + 13 = -7. Let g(v) = -8 + 0*v - j*v + 3*v. What is the units digit of g(-6)?
4
Suppose 2 = -c + 7. Suppose 3*d + 102 + 74 = -c*l, 0 = 3*l - d + 100. Let a = l + 58. What is the tens digit of a?
2
Suppose -3*i = -i + 2*d - 498, 3*i = 5*d + 779. What is the tens digit of i?
5
Suppose -8 = 2*k, -3*k - 23522 = -4*l - 8022. What is the hundreds digit of l?
8
Let n be 8/4*(-1)/2. Let w be n/(2/6) + 3. Suppose 2*u + 2*u - 48 = w. What is the units digit of u?
2
Let h = 1044 + -704. What is the tens digit of h?
4
Suppose -18*i = -14*i. What is the tens digit of (35 - i) + 6/6?
3
Suppose 2*h = -0 + 8. Suppose 5*y + 2*q = -2*q - 11, -h = 2*y + 2*q. Let w = 7 + y. What is the units digit of w?
4
Let u be ((-430)/30)/(2/6). Let z = -6 - u. What is the tens digit of z?
3
Let d = 289 - 151. Suppose 11*v + d = 13*v. Suppose -4*s + 88 = x, 4*s + 1 - v = 4*x. What is the tens digit of s?
2
Let p(a) = 8*a**2 - 2*a - 4. Let c(x) = x**3 - 4*x**2 - 2*x + 6. Let i = 10 - 6. Let y be c(i). What is the tens digit of p(y)?
3
Let c(y) = y**3 + y**2 + 3. Let d be c(0). Let j be (-1)/(-1 + 0) + 4. Suppose -d*q + 0*q - j*v + 1 = 0, -q + v = -3. What is the units digit of q?
2
Suppose 3*h = -3*l + 21, h - 2*l = -3 - 2. Let j = 26 - 18. Suppose -3*f - w = -103, h*w = j + 4. What is the units digit of f?
3
Let d(n) = -n**3 - 4*n**2 + 4*n - 7. Let y be d(-5). Let i be (-6)/9*6 + y. Let k = 46 + i. What is the tens digit of k?
4
Let b(o) = o**2 - 2*o. Let z be b(3). Suppose 0*r = -z*r + 18. What is the units digit of (-4)/r*12/(-8)?
1
What is the tens digit of 4843*(-3 - (-2 - 2))?
4
Let u(n) = 57*n**2 + 53*n + 1. What is the thousands digit of u(-6)?
1
Let g = -15 - 0. Let k be 0 + g*2/(-3). Let w = k - -6. What is the tens digit of w?
1
Suppose -t = -5*h + 1, -t + h - 4 - 1 = 0. What is the units digit of (3/t)/(2 + (-25)/12)?
6
Let f be 9/(-36) + (-194)/(-8). Let h = -9 + f. What is the units digit of h?
5
Suppose 4*f = 56*l - 52*l + 4720, -16 = 4*l. What is the hundreds digit of f?
1
Let r(t) = t - 2. Let n be r(6). Suppose 0 = -2*y + 3*l + 8 + 4, -n = -5*y + l. Suppose 0 = -y*d - 2*d + 2, d + 24 = 5*x. What is the units digit of x?
5
Let q be ((-1400)/(-45))/5 - 4/18. Suppose q*j - 441 - 393 = 0. What is the units digit of j?
9
Suppose 4*y + 0*q = q - 4151, -4*q - 5194 = 5*y. What is the hundreds digit of y/(-8) + 1 + 9/(-12)?
1
Suppose 0 = 4*i + 3*p - 1746, 5*i - 5*p = 2621 - 421. What is the tens digit of i?
3
Suppose -15*b + 15785 = -40. What is the thousands digit of b?
1
Let w = -340 - -240. Let z = w - -149. What is the units digit of z?
9
Suppose 0 = -3*g - 0*g - 4590. Let t be (-2)/(-7) + g/(-35). Suppose -3*u + t + 100 = 0. What is the units digit of u?
8
Let g(r) = -r + 12. Let b be g(11). What is the units digit of (56 + (-3)/b)*1?
3
Let s(h) = -9*h + 115. What is the tens digit of s(6)?
6
Let l = -108 - -359. What is the hundreds digit of l?
2
Suppose 0 = -4*c - 2*l - 14, 5*c + 3*l + 22 = -l. Let o be ((-1)/3)/(c/18). Suppose u = -5*a + 87, o*u - 23 = -a - 0. What is the tens digit of a?
1
Let h(j) = -4*j**3 + 2*j**2 - 4*j - 128. Let q(b) = 3*b**3 - b**2 + 3*b + 129. Let l(r) = 2*h(r) + 3*q(r). What is the tens digit of l(0)?
3
Let l = 7 - 9. What is the units digit of -87*(l/1)/(-5 - -7)?
7
Let u(x) be the first derivative of -x + 1/2*x**2 - 4/3*x**3 - 1/4*x**4 + 2. What is the units digit of u(-5)?
9
Let i = -4 + 6. Suppose 138 = i*t + 3*d, -5*t - 3*d = 155 - 500. Suppose -4*k + t = -11. What is the tens digit of k?
2
Suppose -21*h + 105875 = 34*h. What is the hundreds digit of h?
9
Suppose -2*p = -87 - 51. Suppose 0 = 3*w + p + 12. Let q = 53 + w. What is the units digit of q?
6
Suppose 0 = -a + 3*g - 0*g - 10, -4*g = -16. Let k(f) = -f**2 - 11*f - 2 - a*f - 2*f. What is the tens digit of k(-7)?
5
Let u(n) be the second derivative of -n**5/20 - 5*n**4/6 - 19*n**3/6 + 12*n**2 - 10*n. What is the tens digit of u(-10)?
1
Suppose -240 = 3*t - 5*t. Suppose 6*g - t = 4*g. What is the units digit of g?
0
Let s(t) = -19*t - 20. Let o = -82 - -75. What is the tens digit of s(o)?
1
Let d be (15*-4)/5 + -2. Suppose -g - 2*g = 2*o + 23, -4*o - 19 = -3*g. Let j = o - d. What is the units digit of j?
7
Suppose -10*d = -2*d. Let k(c) = -6*c + 97. What is the tens digit of k(d)?
9
Suppose -5*z = b - 156, -3*z + 4*b - 23 = -135. What is the units digit of z?
2
Let w(q) = -16*q + 16. Let x be w(-5). What is the units digit of x - (1 - -3) - 2?
0
Let l(z) = -z - 1. Let x = -36 + 31. What is the units digit of l(x)?
4
Let m = 2740 + -2014. What is the units digit of m?
6
Let d(k) = -2*k**3 + k**2 - k. Let c be d(1). Let t(o) = 5 + 26*o - 4 - 46*o. What is the units digit of t(c)?
1
Suppose c + 37 = 3*p + 90, 2*p = -8. Let l = c + -22. What is the units digit of l?
9
Let f = -1293 + 2054. What is the units digit of f?
1
Let q(g) = g**3 - 2*g**2 - 9*g + 9. Let l be q(4). Suppose -16 = l*n - v, -3*v + 5 = 2*v. Let h = 16 + n. What is the units digit of h?
3
Let n(b) = 2*b**2 + 10*b + 141. What is the units digit of n(-18)?
9
Let s(i) = -i**3 + 19*i**2 - 4*i + 2. Let t be s(19). Let w = t - -132. What is the units digit of w?
8
Suppose 13*r = -552 + 14033. What is the thousands digit of r?
1
Suppose 4*l = r + 51, -2*r - 4 = -6*r. Let t(y) = -12*y**2 - 8*y + l*y**2 + 3 + 0*y. What is the units digit of t(8)?
3
Let s(k) = -k**2 + 13*k. Let p be s(10). Suppose 2*t + t = -66. Let r = t + p. What is the units digit of r?
8
Let r = 838 - 14. What is the tens digit of r?
2
Let x(y) = y**2 + y - 10. Let k be x(0). Let p = -10 - k. Suppose -j + p = 2*m - 19, 0 = -5*m + j + 44. What is the units digit of m?
9
Let m(p) = p**3 + 7*p**2 + 8*p + 11. Let n be m(-5). Let d(j) = j**2 - 7*j + 3. Let z be d(7). Suppose -z*a - n = -138. What is the units digit of a?
9
Suppose 3*b - 7*b = -2*z + 1560, -z + 775 = -3*b. What is the units digit of z?
0
Suppose 25056 = -182*d + 198*d. What is the tens digit of d?
6
Let h be ((-3)/(-2))/((-6)/(-464)). Suppose -3*o - 302 = -h. Let d = -35 - o. What is the units digit of d?
7
Suppose -11047 = 57*f - 103387. What is the units digit of f?
0
What is the units digit of 2/5*44715/22?
3
Let v be 3/((-24)/14)*-4. Let m = v + -5. What is the units digit of (-1)/m + 324/8?
0
Let g = -3 - -8. Suppose 60 = w - g*u, -3*u = u - 16. Suppose -85 = -5*y + w. What is the units digit of y?
3
Let h be -14*(1 - 76/8). Suppose -2*m + 3*p = -h, 0 = -2*m - 0*m + 2*p + 114. What is the units digit of m?
2
Let s be (2/(-4))/(7/(-84)). Let c be (s/(-1))/(2/(-6)). Suppose -a = a, -4*a - c = -i. What is the tens digit of i?
1
What is the units digit of (3/(-4))/(-2 - 22365/(-11184))?
6
Suppose -4*d + 7 = -69. Suppose 144 = 46*r - 42*r. Let w = r - d. What is the units digit of w?
7
Suppose 2*t - 166 = -5*x, -2*x - 216 = -3*t + 52. What is the units digit of t?
8
What is the hundreds digit of (-5 - -53)*(11 - -2)?
6
Let y(g) = 2*g**3 - g**2 - g + 2. Let w be y(1). Suppose -4*r - 4 = -4*i + w*i, 5*i = 20. What is the units digit of r?
1
Let a(i) = i**3 - 10*i**2 - 8*i - 12. Let y be a(11). Su